{"id":4338,"date":"2025-08-19T13:01:56","date_gmt":"2025-08-19T10:01:56","guid":{"rendered":"https:\/\/www.lapinlahdenlukio.fi\/WP\/?page_id=4338"},"modified":"2025-08-20T17:27:54","modified_gmt":"2025-08-20T14:27:54","slug":"erasmus-ja-unesco-yhteistyo","status":"publish","type":"page","link":"https:\/\/www.lapinlahdenlukio.fi\/WP\/?page_id=4338","title":{"rendered":"Erasmus+ ja Unesco yhteisty\u00f6"},"content":{"rendered":"\n<figure class=\"wp-block-gallery has-nested-images columns-default is-cropped wp-block-gallery-1 is-layout-flex wp-block-gallery-is-layout-flex\">\n<figure class=\"wp-block-image size-large\"><img loading=\"lazy\" decoding=\"async\" width=\"910\" height=\"922\" data-id=\"4221\" src=\"https:\/\/www.lapinlahdenlukio.fi\/WP\/wp-content\/uploads\/2025\/01\/FI-V-Euroopan-unionin-rahoittama_PANTONE.jpg\" alt=\"\" class=\"wp-image-4221\" srcset=\"https:\/\/www.lapinlahdenlukio.fi\/WP\/wp-content\/uploads\/2025\/01\/FI-V-Euroopan-unionin-rahoittama_PANTONE.jpg 910w, https:\/\/www.lapinlahdenlukio.fi\/WP\/wp-content\/uploads\/2025\/01\/FI-V-Euroopan-unionin-rahoittama_PANTONE-296x300.jpg 296w, https:\/\/www.lapinlahdenlukio.fi\/WP\/wp-content\/uploads\/2025\/01\/FI-V-Euroopan-unionin-rahoittama_PANTONE-768x778.jpg 768w, https:\/\/www.lapinlahdenlukio.fi\/WP\/wp-content\/uploads\/2025\/01\/FI-V-Euroopan-unionin-rahoittama_PANTONE-12x12.jpg 12w\" sizes=\"auto, (max-width: 910px) 100vw, 910px\" \/><\/figure>\n\n\n\n<figure class=\"wp-block-image size-large\"><img loading=\"lazy\" decoding=\"async\" width=\"561\" height=\"541\" data-id=\"4227\" src=\"https:\/\/www.lapinlahdenlukio.fi\/WP\/wp-content\/uploads\/2025\/01\/image.png\" alt=\"\" class=\"wp-image-4227\" srcset=\"https:\/\/www.lapinlahdenlukio.fi\/WP\/wp-content\/uploads\/2025\/01\/image.png 561w, https:\/\/www.lapinlahdenlukio.fi\/WP\/wp-content\/uploads\/2025\/01\/image-300x289.png 300w, https:\/\/www.lapinlahdenlukio.fi\/WP\/wp-content\/uploads\/2025\/01\/image-12x12.png 12w\" sizes=\"auto, (max-width: 561px) 100vw, 561px\" \/><\/figure>\n<\/figure>\n\n\n\n<p>Lapinlahden Lukio&nbsp;on mukana maailmanlaajuisessa Unesco-koulujen verkostossa. Unesco-lukiona j\u00e4rjest\u00e4mme kansallista ja kansainv\u00e4list\u00e4 toimintaa mm. tekem\u00e4ll\u00e4 opintoretki\u00e4, osallistumalla projekteihin ja pohjoismaiseen opiskelijavaihtoon. <\/p>\n\n\n\n<p>Lukiomme on saanut Erasmus+ akkreditoinnin, joka mahdollistaa kansainv\u00e4lisen toiminnan pitk\u00e4j\u00e4nteisen toteuttamisen ja kehitt\u00e4misen. Lukiossamme j\u00e4rjestet\u00e4\u00e4n s\u00e4\u00e4nn\u00f6llisesti opintomatka Eurooppaan.<\/p>\n\n\n\n<p>Lukiolla oli lukuvuonna 2024-2025 lyhytkestoinen Erasmus+-hanke. Hankkeen nimi oli Kansainv\u00e4lisyytt\u00e4 Unesco-arvojen ja kuvataiteen kautta.<\/p>\n\n\n\n<div data-wp-interactive=\"core\/file\" class=\"wp-block-file\"><object data-wp-bind--hidden=\"!state.hasPdfPreview\" hidden class=\"wp-block-file__embed\" data=\"https:\/\/www.lapinlahdenlukio.fi\/WP\/wp-content\/uploads\/2025\/08\/unesco-kuvataiteen-opetuksessa.pdf\" type=\"application\/pdf\" style=\"width:100%;height:600px\" aria-label=\"Tiedoston unesco kuvataiteen opetuksessa upotus.\"><\/object><a id=\"wp-block-file--media-e98e6877-e787-4bbd-8ea8-cdb53e250f3e\" href=\"https:\/\/www.lapinlahdenlukio.fi\/WP\/wp-content\/uploads\/2025\/08\/unesco-kuvataiteen-opetuksessa.pdf\">unesco kuvataiteen opetuksessa<\/a><a href=\"https:\/\/www.lapinlahdenlukio.fi\/WP\/wp-content\/uploads\/2025\/08\/unesco-kuvataiteen-opetuksessa.pdf\" class=\"wp-block-file__button wp-element-button\" download aria-describedby=\"wp-block-file--media-e98e6877-e787-4bbd-8ea8-cdb53e250f3e\">Lataa<\/a><\/div>\n\n\n\n<div class=\"wp-block-columns is-layout-flex wp-container-core-columns-is-layout-9d6595d7 wp-block-columns-is-layout-flex\">\n<div class=\"wp-block-column is-layout-flow wp-block-column-is-layout-flow\" style=\"flex-basis:100%\">\n<div class=\"wp-block-group is-nowrap is-layout-flex wp-container-core-group-is-layout-ad2f72ca wp-block-group-is-layout-flex\">\n<div class=\"wp-block-group\"><div class=\"wp-block-group__inner-container is-layout-constrained wp-block-group-is-layout-constrained\"><\/div><\/div>\n<\/div>\n<\/div>\n<\/div>\n","protected":false},"excerpt":{"rendered":"<p>Lapinlahden Lukio&nbsp;on mukana maailmanlaajuisessa Unesco-koulujen verkostossa. Unesco-lukiona j\u00e4rjest\u00e4mme kansallista ja kansainv\u00e4list\u00e4 toimintaa mm. tekem\u00e4ll\u00e4 opintoretki\u00e4, osallistumalla projekteihin ja pohjoismaiseen opiskelijavaihtoon. Lukiomme on saanut Erasmus+ akkreditoinnin, joka mahdollistaa kansainv\u00e4lisen toiminnan pitk\u00e4j\u00e4nteisen toteuttamisen ja kehitt\u00e4misen. Lukiossamme j\u00e4rjestet\u00e4\u00e4n s\u00e4\u00e4nn\u00f6llisesti opintomatka Eurooppaan. Lukiolla oli lukuvuonna 2024-2025 lyhytkestoinen Erasmus+-hanke. Hankkeen nimi oli Kansainv\u00e4lisyytt\u00e4 Unesco-arvojen ja kuvataiteen kautta.<\/p>\n","protected":false},"author":16,"featured_media":0,"parent":2381,"menu_order":0,"comment_status":"closed","ping_status":"closed","template":"","meta":{"footnotes":""},"class_list":["post-4338","page","type-page","status-publish","hentry"],"_links":{"self":[{"href":"https:\/\/www.lapinlahdenlukio.fi\/WP\/index.php?rest_route=\/wp\/v2\/pages\/4338","targetHints":{"allow":["GET"]}}],"collection":[{"href":"https:\/\/www.lapinlahdenlukio.fi\/WP\/index.php?rest_route=\/wp\/v2\/pages"}],"about":[{"href":"https:\/\/www.lapinlahdenlukio.fi\/WP\/index.php?rest_route=\/wp\/v2\/types\/page"}],"author":[{"embeddable":true,"href":"https:\/\/www.lapinlahdenlukio.fi\/WP\/index.php?rest_route=\/wp\/v2\/users\/16"}],"replies":[{"embeddable":true,"href":"https:\/\/www.lapinlahdenlukio.fi\/WP\/index.php?rest_route=%2Fwp%2Fv2%2Fcomments&post=4338"}],"version-history":[{"count":6,"href":"https:\/\/www.lapinlahdenlukio.fi\/WP\/index.php?rest_route=\/wp\/v2\/pages\/4338\/revisions"}],"predecessor-version":[{"id":4359,"href":"https:\/\/www.lapinlahdenlukio.fi\/WP\/index.php?rest_route=\/wp\/v2\/pages\/4338\/revisions\/4359"}],"up":[{"embeddable":true,"href":"https:\/\/www.lapinlahdenlukio.fi\/WP\/index.php?rest_route=\/wp\/v2\/pages\/2381"}],"wp:attachment":[{"href":"https:\/\/www.lapinlahdenlukio.fi\/WP\/index.php?rest_route=%2Fwp%2Fv2%2Fmedia&parent=4338"}],"curies":[{"name":"wp","href":"https:\/\/api.w.org\/{rel}","templated":true}]}}

Erasmus+ ja Unesco yhteistyö

<figure class="wp-block-gallery has-nested-images columns-default is-cropped wp-block-gallery-1 is-layout-flex wp-block-gallery-is-layout-flex">
<figure class="wp-block-image size-large"><img loading="lazy" decoding="async" width="910" height="922" data-id="4221" src="https://www.lapinlahdenlukio.fi/WP/wp-content/uploads/2025/01/FI-V-Euroopan-unionin-rahoittama_PANTONE.jpg" alt="" class="wp-image-4221" srcset="https://www.lapinlahdenlukio.fi/WP/wp-content/uploads/2025/01/FI-V-Euroopan-unionin-rahoittama_PANTONE.jpg 910w, https://www.lapinlahdenlukio.fi/WP/wp-content/uploads/2025/01/FI-V-Euroopan-unionin-rahoittama_PANTONE-296x300.jpg 296w, https://www.lapinlahdenlukio.fi/WP/wp-content/uploads/2025/01/FI-V-Euroopan-unionin-rahoittama_PANTONE-768x778.jpg 768w, https://www.lapinlahdenlukio.fi/WP/wp-content/uploads/2025/01/FI-V-Euroopan-unionin-rahoittama_PANTONE-12x12.jpg 12w" sizes="auto, (max-width: 910px) 100vw, 910px" /></figure>



<figure class="wp-block-image size-large"><img loading="lazy" decoding="async" width="561" height="541" data-id="4227" src="https://www.lapinlahdenlukio.fi/WP/wp-content/uploads/2025/01/image.png" alt="" class="wp-image-4227" srcset="https://www.lapinlahdenlukio.fi/WP/wp-content/uploads/2025/01/image.png 561w, https://www.lapinlahdenlukio.fi/WP/wp-content/uploads/2025/01/image-300x289.png 300w, https://www.lapinlahdenlukio.fi/WP/wp-content/uploads/2025/01/image-12x12.png 12w" sizes="auto, (max-width: 561px) 100vw, 561px" /></figure>
</figure>



<p>Lapinlahden Lukio&nbsp;on mukana maailmanlaajuisessa Unesco-koulujen verkostossa. Unesco-lukiona järjestämme kansallista ja kansainvälistä toimintaa mm. tekemällä opintoretkiä, osallistumalla projekteihin ja pohjoismaiseen opiskelijavaihtoon. </p>



<p>Lukiomme on saanut Erasmus+ akkreditoinnin, joka mahdollistaa kansainvälisen toiminnan pitkäjänteisen toteuttamisen ja kehittämisen. Lukiossamme järjestetään säännöllisesti opintomatka Eurooppaan.</p>



<p>Lukiolla oli lukuvuonna 2024-2025 lyhytkestoinen Erasmus+-hanke. Hankkeen nimi oli Kansainvälisyyttä Unesco-arvojen ja kuvataiteen kautta.</p>



<div data-wp-interactive="core/file" class="wp-block-file"><object data-wp-bind--hidden="!state.hasPdfPreview" hidden class="wp-block-file__embed" data="https://www.lapinlahdenlukio.fi/WP/wp-content/uploads/2025/08/unesco-kuvataiteen-opetuksessa.pdf" type="application/pdf" style="width:100%;height:600px" aria-label="Tiedoston unesco kuvataiteen opetuksessa upotus."></object><a id="wp-block-file--media-e98e6877-e787-4bbd-8ea8-cdb53e250f3e" href="https://www.lapinlahdenlukio.fi/WP/wp-content/uploads/2025/08/unesco-kuvataiteen-opetuksessa.pdf">unesco kuvataiteen opetuksessa</a><a href="https://www.lapinlahdenlukio.fi/WP/wp-content/uploads/2025/08/unesco-kuvataiteen-opetuksessa.pdf" class="wp-block-file__button wp-element-button" download aria-describedby="wp-block-file--media-e98e6877-e787-4bbd-8ea8-cdb53e250f3e">Lataa</a></div>



<div class="wp-block-columns is-layout-flex wp-container-core-columns-is-layout-9d6595d7 wp-block-columns-is-layout-flex">
<div class="wp-block-column is-layout-flow wp-block-column-is-layout-flow" style="flex-basis:100%">
<div class="wp-block-group is-nowrap is-layout-flex wp-container-core-group-is-layout-ad2f72ca wp-block-group-is-layout-flex">
<div class="wp-block-group"><div class="wp-block-group__inner-container is-layout-constrained wp-block-group-is-layout-constrained"></div></div>
</div>
</div>
</div>

<p>Lapinlahden Lukio&nbsp;on mukana maailmanlaajuisessa Unesco-koulujen verkostossa. Unesco-lukiona järjestämme kansallista ja kansainvälistä toimintaa mm. tekemällä opintoretkiä, osallistumalla projekteihin ja pohjoismaiseen opiskelijavaihtoon. Lukiomme on saanut Erasmus+ akkreditoinnin, joka mahdollistaa kansainvälisen toiminnan pitkäjänteisen toteuttamisen ja kehittämisen. Lukiossamme järjestetään säännöllisesti opintomatka Eurooppaan. Lukiolla oli lukuvuonna 2024-2025 lyhytkestoinen Erasmus+-hanke. Hankkeen nimi oli Kansainvälisyyttä Unesco-arvojen ja kuvataiteen kautta.</p>
