{"id":1996,"date":"2019-04-09T13:33:17","date_gmt":"2019-04-09T10:33:17","guid":{"rendered":"http:\/\/www.lapinlahdenlukio.fi\/WP\/?page_id=1996"},"modified":"2026-08-17T10:05:56","modified_gmt":"2026-08-17T07:05:56","slug":"lukuvuoden-19-20-tyo-ja-loma-ajat","status":"publish","type":"page","link":"https:\/\/www.lapinlahdenlukio.fi\/WP\/?page_id=1996","title":{"rendered":"Lukuvuoden ty\u00f6- ja loma-ajat sek\u00e4 tuntikiertokaavio"},"content":{"rendered":"\n<h1 class=\"wp-block-heading\">TY\u00d6- JA LOMA-AJAT 26-27<\/h1>\n\n\n\n<p>syyslukukausi&nbsp;&nbsp;&nbsp;&nbsp;&nbsp;&nbsp;&nbsp;&nbsp;&nbsp;&nbsp;&nbsp;&nbsp;&nbsp;&nbsp;12.8.-22.12.2026&nbsp;<\/p>\n\n\n\n<p>kev\u00e4tlukukausi&nbsp;&nbsp;&nbsp;&nbsp;&nbsp;&nbsp;&nbsp;&nbsp;&nbsp;&nbsp; &nbsp;7.1.-5.6.2027&nbsp;<\/p>\n\n\n\n<p><\/p>\n\n\n\n<p>syysloma&nbsp;&nbsp;&nbsp;&nbsp;&nbsp;&nbsp;&nbsp;&nbsp;&nbsp;&nbsp;&nbsp;&nbsp;&nbsp;&nbsp;&nbsp;&nbsp;&nbsp;&nbsp;&nbsp;&nbsp;&nbsp;&nbsp;12.10.-16.10.2026, vko 42&nbsp;<\/p>\n\n\n\n<p>joululoma&nbsp;&nbsp;&nbsp;&nbsp;&nbsp;&nbsp;&nbsp;&nbsp;&nbsp;&nbsp;&nbsp;&nbsp;&nbsp;&nbsp;&nbsp;&nbsp;&nbsp;&nbsp;&nbsp;&nbsp;&nbsp;&nbsp;23.12-06.1.2027&nbsp;<\/p>\n\n\n\n<p>talviloma&nbsp;&nbsp;&nbsp;&nbsp;&nbsp;&nbsp;&nbsp;&nbsp;&nbsp;&nbsp;&nbsp;&nbsp;&nbsp;&nbsp;&nbsp;&nbsp;&nbsp;&nbsp;&nbsp;&nbsp;&nbsp;&nbsp;&nbsp;8.3.-12.3.2027, vko 10&nbsp;<\/p>\n\n\n\n<p>p\u00e4\u00e4si\u00e4isloma &nbsp;&nbsp;&nbsp;&nbsp;&nbsp;&nbsp;&nbsp;&nbsp;&nbsp;&nbsp;&nbsp;&nbsp;&nbsp;&nbsp;&nbsp;26.3.-29.3.2027<\/p>\n\n\n\n<p>helatorstai&nbsp;&nbsp;&nbsp;&nbsp;&nbsp;&nbsp;&nbsp;&nbsp;&nbsp;&nbsp;&nbsp;&nbsp;&nbsp;&nbsp;&nbsp;&nbsp;&nbsp;&nbsp;&nbsp;&nbsp;6.5.2027 ja my\u00f6s perjantai 7.5.2027 on vapaa&nbsp;&nbsp;&nbsp;<\/p>\n\n\n\n<p>Abien kouluty\u00f6 p\u00e4\u00e4ttyy &nbsp;&nbsp;&nbsp;&nbsp;8.2.2027<\/p>\n\n\n\n<p><\/p>\n\n\n\n<h2 class=\"wp-block-heading\">JAKSOT <\/h2>\n\n\n\n<ol class=\"wp-block-list\">\n<li>jakso 12.8.\u20132.10., p\u00e4\u00e4tt\u00f6viikko 24.9.-2.10.<\/li>\n\n\n\n<li>jakso 5.10.-1.12., p\u00e4\u00e4tt\u00f6viikko 23.11.-1.12.<\/li>\n\n\n\n<li>jakso 2.12.-8.2., p\u00e4\u00e4tt\u00f6viikko 29.1.-8.2.<\/li>\n\n\n\n<li>jakso 9.2.-12.4., p\u00e4\u00e4tt\u00f6viikko 1.4.-12.4.<\/li>\n\n\n\n<li>jakso 15.4.-5.6., p\u00e4\u00e4tt\u00f6viikko 26.5-3.6.<\/li>\n<\/ol>\n\n\n\n<h2 class=\"wp-block-heading\">Tuntikiertokaavio<\/h2>\n\n\n\n<figure class=\"wp-block-image size-large is-resized\"><a href=\"https:\/\/www.lapinlahdenlukio.fi\/WP\/wp-content\/uploads\/2023\/09\/tuntikiertokaavio.png\"><img loading=\"lazy\" decoding=\"async\" width=\"874\" height=\"1024\" src=\"https:\/\/www.lapinlahdenlukio.fi\/WP\/wp-content\/uploads\/2023\/09\/tuntikiertokaavio-874x1024.png\" alt=\"\" class=\"wp-image-3850\" style=\"width:437px;height:512px\" srcset=\"https:\/\/www.lapinlahdenlukio.fi\/WP\/wp-content\/uploads\/2023\/09\/tuntikiertokaavio-874x1024.png 874w, https:\/\/www.lapinlahdenlukio.fi\/WP\/wp-content\/uploads\/2023\/09\/tuntikiertokaavio-256x300.png 256w, https:\/\/www.lapinlahdenlukio.fi\/WP\/wp-content\/uploads\/2023\/09\/tuntikiertokaavio-768x899.png 768w, https:\/\/www.lapinlahdenlukio.fi\/WP\/wp-content\/uploads\/2023\/09\/tuntikiertokaavio-10x12.png 10w, https:\/\/www.lapinlahdenlukio.fi\/WP\/wp-content\/uploads\/2023\/09\/tuntikiertokaavio.png 917w\" sizes=\"auto, (max-width: 874px) 100vw, 874px\" \/><\/a><\/figure>\n","protected":false},"excerpt":{"rendered":"<p>TY\u00d6- JA LOMA-AJAT 26-27 syyslukukausi&nbsp;&nbsp;&nbsp;&nbsp;&nbsp;&nbsp;&nbsp;&nbsp;&nbsp;&nbsp;&nbsp;&nbsp;&nbsp;&nbsp;12.8.-22.12.2026&nbsp; kev\u00e4tlukukausi&nbsp;&nbsp;&nbsp;&nbsp;&nbsp;&nbsp;&nbsp;&nbsp;&nbsp;&nbsp; &nbsp;7.1.-5.6.2027&nbsp; syysloma&nbsp;&nbsp;&nbsp;&nbsp;&nbsp;&nbsp;&nbsp;&nbsp;&nbsp;&nbsp;&nbsp;&nbsp;&nbsp;&nbsp;&nbsp;&nbsp;&nbsp;&nbsp;&nbsp;&nbsp;&nbsp;&nbsp;12.10.-16.10.2026, vko 42&nbsp; joululoma&nbsp;&nbsp;&nbsp;&nbsp;&nbsp;&nbsp;&nbsp;&nbsp;&nbsp;&nbsp;&nbsp;&nbsp;&nbsp;&nbsp;&nbsp;&nbsp;&nbsp;&nbsp;&nbsp;&nbsp;&nbsp;&nbsp;23.12-06.1.2027&nbsp; talviloma&nbsp;&nbsp;&nbsp;&nbsp;&nbsp;&nbsp;&nbsp;&nbsp;&nbsp;&nbsp;&nbsp;&nbsp;&nbsp;&nbsp;&nbsp;&nbsp;&nbsp;&nbsp;&nbsp;&nbsp;&nbsp;&nbsp;&nbsp;8.3.-12.3.2027, vko 10&nbsp; p\u00e4\u00e4si\u00e4isloma &nbsp;&nbsp;&nbsp;&nbsp;&nbsp;&nbsp;&nbsp;&nbsp;&nbsp;&nbsp;&nbsp;&nbsp;&nbsp;&nbsp;&nbsp;26.3.-29.3.2027 helatorstai&nbsp;&nbsp;&nbsp;&nbsp;&nbsp;&nbsp;&nbsp;&nbsp;&nbsp;&nbsp;&nbsp;&nbsp;&nbsp;&nbsp;&nbsp;&nbsp;&nbsp;&nbsp;&nbsp;&nbsp;6.5.2027 ja my\u00f6s perjantai 7.5.2027 on vapaa&nbsp;&nbsp;&nbsp; Abien kouluty\u00f6 p\u00e4\u00e4ttyy &nbsp;&nbsp;&nbsp;&nbsp;8.2.2027 JAKSOT Tuntikiertokaavio<\/p>\n","protected":false},"author":13,"featured_media":0,"parent":52,"menu_order":0,"comment_status":"closed","ping_status":"closed","template":"","meta":{"footnotes":""},"class_list":["post-1996","page","type-page","status-publish","hentry"],"_links":{"self":[{"href":"https:\/\/www.lapinlahdenlukio.fi\/WP\/index.php?rest_route=\/wp\/v2\/pages\/1996","targetHints":{"allow":["GET"]}}],"collection":[{"href":"https:\/\/www.lapinlahdenlukio.fi\/WP\/index.php?rest_route=\/wp\/v2\/pages"}],"about":[{"href":"https:\/\/www.lapinlahdenlukio.fi\/WP\/index.php?rest_route=\/wp\/v2\/types\/page"}],"author":[{"embeddable":true,"href":"https:\/\/www.lapinlahdenlukio.fi\/WP\/index.php?rest_route=\/wp\/v2\/users\/13"}],"replies":[{"embeddable":true,"href":"https:\/\/www.lapinlahdenlukio.fi\/WP\/index.php?rest_route=%2Fwp%2Fv2%2Fcomments&post=1996"}],"version-history":[{"count":30,"href":"https:\/\/www.lapinlahdenlukio.fi\/WP\/index.php?rest_route=\/wp\/v2\/pages\/1996\/revisions"}],"predecessor-version":[{"id":4550,"href":"https:\/\/www.lapinlahdenlukio.fi\/WP\/index.php?rest_route=\/wp\/v2\/pages\/1996\/revisions\/4550"}],"up":[{"embeddable":true,"href":"https:\/\/www.lapinlahdenlukio.fi\/WP\/index.php?rest_route=\/wp\/v2\/pages\/52"}],"wp:attachment":[{"href":"https:\/\/www.lapinlahdenlukio.fi\/WP\/index.php?rest_route=%2Fwp%2Fv2%2Fmedia&parent=1996"}],"curies":[{"name":"wp","href":"https:\/\/api.w.org\/{rel}","templated":true}]}}

Lukuvuoden työ- ja loma-ajat sekä tuntikiertokaavio

<h1 class="wp-block-heading">TYÖ- JA LOMA-AJAT 26-27</h1>



<p>syyslukukausi&nbsp;&nbsp;&nbsp;&nbsp;&nbsp;&nbsp;&nbsp;&nbsp;&nbsp;&nbsp;&nbsp;&nbsp;&nbsp;&nbsp;12.8.-22.12.2026&nbsp;</p>



<p>kevätlukukausi&nbsp;&nbsp;&nbsp;&nbsp;&nbsp;&nbsp;&nbsp;&nbsp;&nbsp;&nbsp; &nbsp;7.1.-5.6.2027&nbsp;</p>



<p></p>



<p>syysloma&nbsp;&nbsp;&nbsp;&nbsp;&nbsp;&nbsp;&nbsp;&nbsp;&nbsp;&nbsp;&nbsp;&nbsp;&nbsp;&nbsp;&nbsp;&nbsp;&nbsp;&nbsp;&nbsp;&nbsp;&nbsp;&nbsp;12.10.-16.10.2026, vko 42&nbsp;</p>



<p>joululoma&nbsp;&nbsp;&nbsp;&nbsp;&nbsp;&nbsp;&nbsp;&nbsp;&nbsp;&nbsp;&nbsp;&nbsp;&nbsp;&nbsp;&nbsp;&nbsp;&nbsp;&nbsp;&nbsp;&nbsp;&nbsp;&nbsp;23.12-06.1.2027&nbsp;</p>



<p>talviloma&nbsp;&nbsp;&nbsp;&nbsp;&nbsp;&nbsp;&nbsp;&nbsp;&nbsp;&nbsp;&nbsp;&nbsp;&nbsp;&nbsp;&nbsp;&nbsp;&nbsp;&nbsp;&nbsp;&nbsp;&nbsp;&nbsp;&nbsp;8.3.-12.3.2027, vko 10&nbsp;</p>



<p>pääsiäisloma &nbsp;&nbsp;&nbsp;&nbsp;&nbsp;&nbsp;&nbsp;&nbsp;&nbsp;&nbsp;&nbsp;&nbsp;&nbsp;&nbsp;&nbsp;26.3.-29.3.2027</p>



<p>helatorstai&nbsp;&nbsp;&nbsp;&nbsp;&nbsp;&nbsp;&nbsp;&nbsp;&nbsp;&nbsp;&nbsp;&nbsp;&nbsp;&nbsp;&nbsp;&nbsp;&nbsp;&nbsp;&nbsp;&nbsp;6.5.2027 ja myös perjantai 7.5.2027 on vapaa&nbsp;&nbsp;&nbsp;</p>



<p>Abien koulutyö päättyy &nbsp;&nbsp;&nbsp;&nbsp;8.2.2027</p>



<p></p>



<h2 class="wp-block-heading">JAKSOT </h2>



<ol class="wp-block-list">
<li>jakso 12.8.–2.10., päättöviikko 24.9.-2.10.</li>



<li>jakso 5.10.-1.12., päättöviikko 23.11.-1.12.</li>



<li>jakso 2.12.-8.2., päättöviikko 29.1.-8.2.</li>



<li>jakso 9.2.-12.4., päättöviikko 1.4.-12.4.</li>



<li>jakso 15.4.-5.6., päättöviikko 26.5-3.6.</li>
</ol>



<h2 class="wp-block-heading">Tuntikiertokaavio</h2>



<figure class="wp-block-image size-large is-resized"><a href="https://www.lapinlahdenlukio.fi/WP/wp-content/uploads/2023/09/tuntikiertokaavio.png"><img loading="lazy" decoding="async" width="874" height="1024" src="https://www.lapinlahdenlukio.fi/WP/wp-content/uploads/2023/09/tuntikiertokaavio-874x1024.png" alt="" class="wp-image-3850" style="width:437px;height:512px" srcset="https://www.lapinlahdenlukio.fi/WP/wp-content/uploads/2023/09/tuntikiertokaavio-874x1024.png 874w, https://www.lapinlahdenlukio.fi/WP/wp-content/uploads/2023/09/tuntikiertokaavio-256x300.png 256w, https://www.lapinlahdenlukio.fi/WP/wp-content/uploads/2023/09/tuntikiertokaavio-768x899.png 768w, https://www.lapinlahdenlukio.fi/WP/wp-content/uploads/2023/09/tuntikiertokaavio-10x12.png 10w, https://www.lapinlahdenlukio.fi/WP/wp-content/uploads/2023/09/tuntikiertokaavio.png 917w" sizes="auto, (max-width: 874px) 100vw, 874px" /></a></figure>

<p>TYÖ- JA LOMA-AJAT 26-27 syyslukukausi&nbsp;&nbsp;&nbsp;&nbsp;&nbsp;&nbsp;&nbsp;&nbsp;&nbsp;&nbsp;&nbsp;&nbsp;&nbsp;&nbsp;12.8.-22.12.2026&nbsp; kevätlukukausi&nbsp;&nbsp;&nbsp;&nbsp;&nbsp;&nbsp;&nbsp;&nbsp;&nbsp;&nbsp; &nbsp;7.1.-5.6.2027&nbsp; syysloma&nbsp;&nbsp;&nbsp;&nbsp;&nbsp;&nbsp;&nbsp;&nbsp;&nbsp;&nbsp;&nbsp;&nbsp;&nbsp;&nbsp;&nbsp;&nbsp;&nbsp;&nbsp;&nbsp;&nbsp;&nbsp;&nbsp;12.10.-16.10.2026, vko 42&nbsp; joululoma&nbsp;&nbsp;&nbsp;&nbsp;&nbsp;&nbsp;&nbsp;&nbsp;&nbsp;&nbsp;&nbsp;&nbsp;&nbsp;&nbsp;&nbsp;&nbsp;&nbsp;&nbsp;&nbsp;&nbsp;&nbsp;&nbsp;23.12-06.1.2027&nbsp; talviloma&nbsp;&nbsp;&nbsp;&nbsp;&nbsp;&nbsp;&nbsp;&nbsp;&nbsp;&nbsp;&nbsp;&nbsp;&nbsp;&nbsp;&nbsp;&nbsp;&nbsp;&nbsp;&nbsp;&nbsp;&nbsp;&nbsp;&nbsp;8.3.-12.3.2027, vko 10&nbsp; pääsiäisloma &nbsp;&nbsp;&nbsp;&nbsp;&nbsp;&nbsp;&nbsp;&nbsp;&nbsp;&nbsp;&nbsp;&nbsp;&nbsp;&nbsp;&nbsp;26.3.-29.3.2027 helatorstai&nbsp;&nbsp;&nbsp;&nbsp;&nbsp;&nbsp;&nbsp;&nbsp;&nbsp;&nbsp;&nbsp;&nbsp;&nbsp;&nbsp;&nbsp;&nbsp;&nbsp;&nbsp;&nbsp;&nbsp;6.5.2027 ja myös perjantai 7.5.2027 on vapaa&nbsp;&nbsp;&nbsp; Abien koulutyö päättyy &nbsp;&nbsp;&nbsp;&nbsp;8.2.2027 JAKSOT Tuntikiertokaavio</p>
